Suppose -285 = -5*g - 0*g. Let k(i) = i**2 - 6*i - 19. Let s be k(8). Let d(f) = 2*f**2 - 3. Calculate the remainder when g is divided by d(s).
12
Let a(x) = x - 3. Let q be a(5). Let v be -3 + 1 + 15 + q. What is the remainder when (4/(-6))/((-1)/v) is divided by 6?
4
Let y(t) = t**2 - 21*t - 152. What is the remainder when 62 is divided by y(-7)?
18
Suppose -768 + 2172 = 9*n. What is the remainder when n is divided by 40?
36
Let n(g) = 8*g - 79. Suppose -4*r = -39 - 45. Calculate the remainder when n(15) is divided by r.
20
Suppose -4*k - s - 3*s = -208, 6*s = 4*k - 158. Calculate the remainder when 170 is divided by k.
29
Suppose 0 = 3*g - 4*m + 8, -m = 2*g - 18 + 5. Calculate the remainder when 50 is divided by g.
2
Suppose p - 4*d - 37 = 0, p - 16 = -3*d + 7. Calculate the remainder when 113 is divided by p.
26
Let m = -8 - -9. Suppose m = -2*b - 11. Let v(n) = -6*n - 8. What is the remainder when v(b) is divided by 15?
13
Suppose 0 = 4*p - 4*l - 92, 0 = -255*p + 257*p - 3*l - 50. What is the remainder when 2/8 - (-422)/8 is divided by p?
15
Let p = -351 + 363. Suppose -6 = c - 3, 2*i - 19 = 3*c. Calculate the remainder when p is divided by i.
2
Let v = 1097 - 1037. What is the remainder when 836 is divided by v?
56
Let v be (-1 - -2)*-14 - 2 - -3. Let q(o) = -o**3 - 13*o**2 - 6*o - 22. Calculate the remainder when q(v) is divided by 15.
11
Let b = -8 - -12. Suppose 5*q + i - 7 = 3*q, 4*q + i = 13. Suppose b*l - 2 = -2*u + 28, 0 = q*u + l - 35. What is the remainder when 32 is divided by u?
10
Suppose 2*t - 4*l - 60 = 0, t + 68 = 3*t - 2*l. Calculate the remainder when 254 is divided by t.
26
Let f = 261 + -232. Calculate the remainder when 200 is divided by f.
26
Let f(d) = d**3 + 17*d**2 - 20*d + 11. What is the remainder when 140 is divided by f(-18)?
46
Let t = -689 + 1104. What is the remainder when t is divided by 13?
12
Suppose -2*n + 0*n + 92 = 3*x, 131 = 4*x + n. Let z = 165 + -80. What is the remainder when z is divided by 765/x + (-2)/4?
19
Let u(a) = -7*a + 688. What is the remainder when u(10) is divided by 124?
122
Suppose 130*d = 142*d - 324. What is the remainder when 161 is divided by d?
26
Suppose 24 = -3*s + 4*q, -2*s - 6 = 2*q + 24. What is the remainder when 29 is divided by (-8)/(-12) - 112/s?
9
Suppose 4128 = 56*s + 40*s. Calculate the remainder when s is divided by 17.
9
Let x = 45 - 45. Suppose x*g = -g + 40. Calculate the remainder when 117 is divided by g.
37
Let n = -370 - -491. Calculate the remainder when 1329 is divided by n.
119
Let u = -112 - -239. Calculate the remainder when u is divided by 44.
39
Suppose -3*t + i = -626, 1111 = 5*t - 3*i + 69. Calculate the remainder when t is divided by 21.
20
Suppose -26 = -5*g + 3*q, -2*g - g - 3*q = -6. Calculate the remainder when (-7)/(-1 - (-2)/3) is divided by 40/g - 4/1.
3
Let j be 12/(-28) + (-12)/(-28). Let f = 3 - -2. Suppose 2*h - 214 = -2*m - 2*m, j = f*h - 25. What is the remainder when m is divided by 18?
15
Suppose -3*r + 5*t - 13 = 0, 4*t = 3*r + 2*r. Suppose -r*o = -5*k + 29 - 3, -3*o - 14 = -k. Let v = 13 - k. What is the remainder when v is divided by 4?
3
Suppose 95 = -4*a + 143. Let l(u) = -u**2 - 9*u + 4. Calculate the remainder when a is divided by l(-9).
0
Let z = 1053 - 1017. Calculate the remainder when 212 is divided by z.
32
Let o(k) = -k + 5. Suppose -w + 3 = 0, -4*j + 30 = 4*w - 6. What is the remainder when o(-4) is divided by j?
3
Let r(i) = i**3 + 5*i**2 - 6*i + 9. What is the remainder when 106 is divided by r(-6)?
7
Suppose a - 23 = 151. Calculate the remainder when a is divided by 12.
6
Let h = 25 + 3. What is the remainder when (-489)/(-9) + -2*(-3)/(-18) is divided by h?
26
Suppose 0 = 3*r - 20 + 5. Let h = 8 + r. Suppose -10*m + 9*m = -38. What is the remainder when m is divided by h?
12
What is the remainder when 1187 is divided by (13/52)/(4/112)?
4
Suppose 3*k + 2*g = 5*k - 202, 3*k + 3*g = 297. What is the remainder when k is divided by 41?
18
Let g = 2750 - 2727. Calculate the remainder when 72 is divided by g.
3
Let m(q) = -24*q + 38. What is the remainder when m(0) is divided by (-28)/(-10)*5/1?
10
Let d(w) be the first derivative of 3*w**4/4 - w**3 + w**2/2 + 9*w - 36. What is the remainder when d(4) is divided by 16?
13
Let l(v) = v**2 - 5*v. Let k be l(5). Let f be 0 - (-1 + k - 73). Suppose -4*g = 2*b - f, b = -4*b + 2*g + 209. Calculate the remainder when b is divided by 21.
20
Let c be (39 + -1)*30/10. Let w be 4/(-22) + c/22. Suppose 7 = w*o + 2. Calculate the remainder when 1 is divided by o.
0
Suppose -36*u = 10*u - 46. Let v(x) = 2*x + 42*x**2 + 4 - 2 - 5. What is the remainder when v(u) is divided by 21?
20
Suppose 20*p = 15*p. Suppose 3*s + 35 + 1 = p. Calculate the remainder when 39 is divided by (8/s - -4)*3.
9
Let t = 414 - 412. Let j = 0 - 1. Let q = j - -2. Calculate the remainder when t is divided by q.
0
Let h = 258 + -155. What is the remainder when h is divided by 21?
19
Suppose -274 = -32*t + 30*t. Let u = t - 105. Calculate the remainder when u is divided by 14.
4
Let j = -25 - -28. Suppose -5*p + 2*i + 6 = 0, p - j*p + 6 = i. Calculate the remainder when 8 is divided by p.
0
Let p = -23 - 20. Let z = p - -70. What is the remainder when 2/9 - (-183)/z is divided by 5?
2
Let w(u) = -6*u**2 - 8*u + 4. Let z be w(4). Calculate the remainder when z/((-4)/(-8)*-1*4) is divided by 13.
10
Let z be ((-4)/((-4)/3))/((-3)/(-2)). Suppose -5*u - z*x = -37, 0 = -3*u - 2*x + 5*x + 39. What is the remainder when u is divided by 2?
1
Let s = -125 + 176. Let f(n) = 3*n**2 + 1. Let q = -6 + 8. Calculate the remainder when s is divided by f(q).
12
Let m(i) = i**3 + 12*i**2 - 2*i - 92. Suppose -2*u - 2*u + 8 = 0, 2*u + 38 = -3*q. Calculate the remainder when m(-11) is divided by (-4)/q - 534/(-42).
12
Suppose 11*w - 183 - 15 = 0. What is the remainder when w is divided by 5?
3
Let h(g) = 2*g**3 - 7*g**2 + g - 46. What is the remainder when h(8) is divided by 36?
34
Let v(m) = -10*m - 1. Let z be v(1). Let r be -6 - z - (-2)/(-1). Suppose -2*w - u = -18, 3*w - r*u - 46 = -19. What is the remainder when 32 is divided by w?
5
Let z(b) = b**2 - b + 3. Suppose 0*i - 56 = -8*i + 200. What is the remainder when z(-7) is divided by i?
27
Let b(u) = u**2 - 13*u - 11. Let l be b(20). Let v = l - 71. Calculate the remainder when v is divided by 15.
13
Let p(w) = -45*w - 254. Calculate the remainder when p(-10) is divided by 38.
6
Let i(h) = -14*h - 51. Calculate the remainder when 264 is divided by i(-5).
17
Let n = 46 - 39. Suppose 5*i = 3*s - 15, 0*i - 3*i - 3*s - 9 = 0. Let y = 16 + i. Calculate the remainder when y is divided by n.
6
Let u(s) = s**3 - 6*s**2 - s + 38. What is the remainder when u(7) is divided by 22?
14
Suppose r = -o + 1 + 45, -92 = -2*o + 3*r. Suppose 2*q - 26 = -0*q. Calculate the remainder when o is divided by q.
7
What is the remainder when 246 is divided by 114/399*(0 - -434)/2?
60
Let d be 2/3*(-45)/(-6). Let c = 5 + d. Calculate the remainder when ((-111)/(-12))/((-2)/(-8)) is divided by c.
7
Suppose -d = -5*w + 19, 3*w - 5*d - 22 - 7 = 0. Suppose s - 4*s + w = 0. What is the remainder when 55 is divided by (3 - (s + 4)) + 16?
13
What is the remainder when 3*33 + -8 + (-108)/(-12) is divided by 8?
4
Suppose j - 7*j = 474. Let o = 112 + j. Let r = o - 26. Calculate the remainder when 12 is divided by r.
5
Suppose -14 = 2*o - 2*i, 22 = -4*o + 2*i - 2. Let u(r) = -3*r. Suppose -84 + 252 = 6*m. Calculate the remainder when m is divided by u(o).
13
Suppose -5*l - 302 = -52. Let v = -21 - l. Let u = 10 - -5. What is the remainder when v is divided by u?
14
Let g(b) = 13 + 24*b - 9 + 2*b**2 - 15. Calculate the remainder when g(-13) is divided by (-2)/(-3)*(-54)/(-6).
3
Suppose -16*t + 16 = -15*t + l, 5*t + l = 96. Calculate the remainder when t is divided by 4.
0
Let r = 6 + -1. Suppose r*t + 3*y = 2*t + 363, 4*t - 460 = 2*y. What is the remainder when t is divided by 24?
21
What is the remainder when 138 is divided by 39 - (6 - 8/4)?
33
Suppose 36 = 3*y - 60. Suppose -2*g - 19 - 33 = 0. Let i = y + g. Calculate the remainder when 17 is divided by i.
5
Let t(z) = 7*z**2 - 3*z - 1. Let y = -407 - -419. Calculate the remainder when t(-2) is divided by y.
9
What is the remainder when 50 is divided by 84/(-8